{"id":890,"date":"2017-09-29T10:09:09","date_gmt":"2017-09-29T10:09:09","guid":{"rendered":"http:\/\/geiger-evolution.ch\/?page_id=890"},"modified":"2021-03-06T14:32:35","modified_gmt":"2021-03-06T14:32:35","slug":"diagnostic-2","status":"publish","type":"page","link":"https:\/\/geiger-evolution.ch\/index.php\/fr\/diagnostic-2\/","title":{"rendered":"Diagnostic"},"content":{"rendered":"\n<figure class=\"wp-block-image size-large\"><img loading=\"lazy\" width=\"800\" height=\"273\" src=\"http:\/\/geiger-evolution.ch\/wp-content\/uploads\/2017\/07\/120c752a8a.jpg\" alt=\"\" class=\"wp-image-1780\" srcset=\"https:\/\/geiger-evolution.ch\/wp-content\/uploads\/2017\/07\/120c752a8a.jpg 800w, https:\/\/geiger-evolution.ch\/wp-content\/uploads\/2017\/07\/120c752a8a-300x102.jpg 300w\" sizes=\"(max-width: 800px) 100vw, 800px\" \/><\/figure>\n\n\n\n<h2 class=\"has-accent-color has-text-color\">PROFILING VALUES &#8211; LE PROCESSUS<\/h2>\n\n\n\n<figure class=\"wp-block-image size-large\"><a href=\"http:\/\/geiger-evolution.ch\/wp-content\/uploads\/2021\/03\/profilingvaluesen.png\"><img loading=\"lazy\" width=\"1024\" height=\"645\" src=\"http:\/\/geiger-evolution.ch\/wp-content\/uploads\/2021\/03\/profilingvaluesen-1024x645.png\" alt=\"\" class=\"wp-image-1782\" srcset=\"https:\/\/geiger-evolution.ch\/wp-content\/uploads\/2021\/03\/profilingvaluesen-1024x645.png 1024w, https:\/\/geiger-evolution.ch\/wp-content\/uploads\/2021\/03\/profilingvaluesen-300x189.png 300w, https:\/\/geiger-evolution.ch\/wp-content\/uploads\/2021\/03\/profilingvaluesen-768x484.png 768w, https:\/\/geiger-evolution.ch\/wp-content\/uploads\/2021\/03\/profilingvaluesen-1536x968.png 1536w, https:\/\/geiger-evolution.ch\/wp-content\/uploads\/2021\/03\/profilingvaluesen-2048x1290.png 2048w, https:\/\/geiger-evolution.ch\/wp-content\/uploads\/2021\/03\/profilingvaluesen-900x567.png 900w, https:\/\/geiger-evolution.ch\/wp-content\/uploads\/2021\/03\/profilingvaluesen-1280x806.png 1280w\" sizes=\"(max-width: 1024px) 100vw, 1024px\" \/><\/a><\/figure>\n\n\n\n<p>Processus de test scientifiquement \u00e9prouv\u00e9 profilingvalues.<\/p>\n\n\n\n<p>Notre processus de test est le seul outil capable de mesurer les \u00ab&nbsp;valeurs intrins\u00e8ques&nbsp;\u00bb et la situation actuelle d&#8217;une personne. Les informations sur lesquelles le rapport Profilingvalues s&#8217;appuie sont rassembl\u00e9es \u00e0 l&#8217;aide d&#8217;un questionnaire en ligne. Les traits de personnalit\u00e9 sont alors repr\u00e9sent\u00e9s en deux cat\u00e9gories&nbsp;: les capacit\u00e9s et les d\u00e9sirs. L&#8217;\u00e9valuation s&#8217;appuie sur la psychologie des valeurs et prend en compte les d\u00e9viances par rapport \u00e0 une norme logique et math\u00e9matique. Contrairement aux m\u00e9thodes comportementales, le processus de test n&#8217;est pas manipulable et peut \u00eatre effectu\u00e9 partout et \u00e0 tout moment. Simple et confortable, il ne vous prendra que 20&nbsp;minutes&nbsp;!<\/p>\n\n\n\n<p>Le test Profilingvalues s&#8217;appuie sur des m\u00e9thodes scientifiques de psychologie des valeurs du Professeur Robert S. Hartman, un scientifique allemand ayant \u00e9migr\u00e9 en 1932 aux \u00c9tats-Unis en passant par l\u2019Angleterre puis le Mexique. L&#8217;\u00e9chelle de comp\u00e9tence du processus de test Profilingvalues est valid\u00e9e de mani\u00e8re g\u00e9n\u00e9rale dans la communaut\u00e9 scientifique. La m\u00e9thode a \u00e9t\u00e9 \u00e9prouv\u00e9e en comparaison avec d&#8217;autres tests, comme le questionnaire 16 PF de R.B. Cattell. Profilingvalues est un syst\u00e8me unique au monde. Il permet de comprendre les besoins individuels de l&#8217;entreprise mais \u00e9galement les capacit\u00e9s des candidats.<\/p>\n\n\n\n<p>Pour de plus amples informations sur les fondements scientifiques du processus de test Profilingvalues, cliquez ici&nbsp;:&nbsp;<a title=\"CONTACT\/LIENS\" href=\"http:\/\/geiger-evolution.ch\/?page_id=866&amp;lang=fr&amp;preview=true\">contact<\/a><\/p>\n","protected":false},"excerpt":{"rendered":"<p>PROFILING VALUES &#8211; LE PROCESSUS Processus de test scientifiquement \u00e9prouv\u00e9 profilingvalues. Notre processus de test est le seul outil capable de mesurer les \u00ab&nbsp;valeurs intrins\u00e8ques&nbsp;\u00bb et la situation actuelle d&#8217;une personne. Les informations sur lesquelles le rapport Profilingvalues s&#8217;appuie sont rassembl\u00e9es \u00e0 l&#8217;aide d&#8217;un questionnaire en ligne. Les traits de personnalit\u00e9 sont alors repr\u00e9sent\u00e9s en [&hellip;]<\/p>\n","protected":false},"author":1,"featured_media":0,"parent":0,"menu_order":0,"comment_status":"closed","ping_status":"closed","template":"","meta":[],"_links":{"self":[{"href":"https:\/\/geiger-evolution.ch\/index.php\/wp-json\/wp\/v2\/pages\/890"}],"collection":[{"href":"https:\/\/geiger-evolution.ch\/index.php\/wp-json\/wp\/v2\/pages"}],"about":[{"href":"https:\/\/geiger-evolution.ch\/index.php\/wp-json\/wp\/v2\/types\/page"}],"author":[{"embeddable":true,"href":"https:\/\/geiger-evolution.ch\/index.php\/wp-json\/wp\/v2\/users\/1"}],"replies":[{"embeddable":true,"href":"https:\/\/geiger-evolution.ch\/index.php\/wp-json\/wp\/v2\/comments?post=890"}],"version-history":[{"count":6,"href":"https:\/\/geiger-evolution.ch\/index.php\/wp-json\/wp\/v2\/pages\/890\/revisions"}],"predecessor-version":[{"id":1784,"href":"https:\/\/geiger-evolution.ch\/index.php\/wp-json\/wp\/v2\/pages\/890\/revisions\/1784"}],"wp:attachment":[{"href":"https:\/\/geiger-evolution.ch\/index.php\/wp-json\/wp\/v2\/media?parent=890"}],"curies":[{"name":"wp","href":"https:\/\/api.w.org\/{rel}","templated":true}]}}