{"id":901,"date":"2017-09-29T10:14:08","date_gmt":"2017-09-29T10:14:08","guid":{"rendered":"http:\/\/geiger-evolution.ch\/?page_id=901"},"modified":"2017-09-29T10:14:08","modified_gmt":"2017-09-29T10:14:08","slug":"motivation","status":"publish","type":"page","link":"https:\/\/geiger-evolution.ch\/index.php\/fr\/motivation\/","title":{"rendered":"Motivation"},"content":{"rendered":"<p><img src=\"https:\/\/image.jimcdn.com\/app\/cms\/image\/transf\/dimension=629x10000:format=jpg\/path\/se5aedbc4e853d32c\/image\/ic83b1764fa01a777\/version\/1463490814\/image.jpg\" \/><\/p>\n<h2><span style=\"color: #99cc00; font-family: arial,helvetica,sans-serif;\">TROUVER LA FORCE EN SOI<\/span><\/h2>\n<p><span style=\"font-family: arial,helvetica,sans-serif; font-size: 14pt;\"><strong>La force est en vous, lib\u00e9rez votre potentiel\u00a0!<\/strong><\/span><\/p>\n<ul>\n<li><span style=\"font-family: arial,helvetica,sans-serif; font-size: 14pt;\">Vous vous sentez sous pression\u00a0?<\/span><\/li>\n<li><span style=\"font-family: arial,helvetica,sans-serif; font-size: 14pt;\">Vous \u00eates facilement irritable\u00a0?<\/span><\/li>\n<li><span style=\"font-family: arial,helvetica,sans-serif; font-size: 14pt;\">Vous \u00eates \u00e0 la recherche d&#8217;un \u00e9quilibre de vie\u00a0?<\/span><\/li>\n<li><span style=\"font-family: arial,helvetica,sans-serif; font-size: 14pt;\">Vous traversez actuellement des changements importants\u00a0?<\/span><\/li>\n<li><span style=\"font-family: arial,helvetica,sans-serif; font-size: 14pt;\">Vous avez besoin d&#8217;un interlocuteur de confiance dans votre entourage\u00a0?<\/span><\/li>\n<\/ul>\n<p><span style=\"font-family: arial,helvetica,sans-serif; font-size: 14pt;\"><strong>Les situations difficiles ou les crises sont toujours une chance\u00a0!<\/strong><\/span><\/p>\n<p><span style=\"font-family: arial,helvetica,sans-serif; font-size: 14pt;\">Faites un pas en avant, prenez conscience de vos chances, de votre potentiel et de vos perspectives\u00a0!<\/span><\/p>\n<p><span style=\"font-family: arial,helvetica,sans-serif; font-size: 14pt;\">Offrez-vous un peu de temps et un entretien ax\u00e9 sur la recherche de solutions. Prenez\u00a0<a title=\"CONTACT\/LIENS\" href=\"http:\/\/geiger-evolution.ch\/?page_id=866&amp;lang=fr&amp;preview=true\">contact<\/a>\u00a0avec moi\u00a0!<\/span><\/p>\n","protected":false},"excerpt":{"rendered":"<p>TROUVER LA FORCE EN SOI La force est en vous, lib\u00e9rez votre potentiel\u00a0! Vous vous sentez sous pression\u00a0? Vous \u00eates facilement irritable\u00a0? Vous \u00eates \u00e0 la recherche d&#8217;un \u00e9quilibre de vie\u00a0? Vous traversez actuellement des changements importants\u00a0? Vous avez besoin d&#8217;un interlocuteur de confiance dans votre entourage\u00a0? Les situations difficiles ou les crises sont toujours [&hellip;]<\/p>\n","protected":false},"author":1,"featured_media":0,"parent":0,"menu_order":0,"comment_status":"closed","ping_status":"closed","template":"","meta":[],"_links":{"self":[{"href":"https:\/\/geiger-evolution.ch\/index.php\/wp-json\/wp\/v2\/pages\/901"}],"collection":[{"href":"https:\/\/geiger-evolution.ch\/index.php\/wp-json\/wp\/v2\/pages"}],"about":[{"href":"https:\/\/geiger-evolution.ch\/index.php\/wp-json\/wp\/v2\/types\/page"}],"author":[{"embeddable":true,"href":"https:\/\/geiger-evolution.ch\/index.php\/wp-json\/wp\/v2\/users\/1"}],"replies":[{"embeddable":true,"href":"https:\/\/geiger-evolution.ch\/index.php\/wp-json\/wp\/v2\/comments?post=901"}],"version-history":[{"count":2,"href":"https:\/\/geiger-evolution.ch\/index.php\/wp-json\/wp\/v2\/pages\/901\/revisions"}],"predecessor-version":[{"id":1046,"href":"https:\/\/geiger-evolution.ch\/index.php\/wp-json\/wp\/v2\/pages\/901\/revisions\/1046"}],"wp:attachment":[{"href":"https:\/\/geiger-evolution.ch\/index.php\/wp-json\/wp\/v2\/media?parent=901"}],"curies":[{"name":"wp","href":"https:\/\/api.w.org\/{rel}","templated":true}]}}