{"id":91,"date":"2017-07-02T15:00:56","date_gmt":"2017-07-02T15:00:56","guid":{"rendered":"http:\/\/geiger-evolution.ch\/?page_id=91"},"modified":"2021-02-24T08:55:15","modified_gmt":"2021-02-24T08:55:15","slug":"team-entwicklung","status":"publish","type":"page","link":"https:\/\/geiger-evolution.ch\/index.php\/team-entwicklung\/","title":{"rendered":"Teamentwicklung"},"content":{"rendered":"\n<figure class=\"wp-block-image\"><a href=\"http:\/\/geiger-evolution.ch\/wp-content\/uploads\/2017\/07\/120c752a8a.jpg\"><img src=\"http:\/\/geiger-evolution.ch\/wp-content\/uploads\/2017\/07\/120c752a8a.jpg\" alt=\"120c752a8a\" class=\"wp-image-186\"\/><\/a><\/figure>\n\n\n\n<h3 class=\"has-accent-color has-text-color\">Probleme im Team sind mit profilingvalues l\u00f6sbar<\/h3>\n\n\n\n<p>Im Rahmen von <strong>Teamentwicklung<\/strong> ist es m\u00f6glich einzelne Auswertungen zusammenzufassen und damit die Ist-Situation darzustellen, was f\u00fcr den Kunden sehr wertvoll ist und gro\u00dfe Wirkung zeigt. Die Ermittlung eines Durchschnittswertes und die Verteilung unterschiedlichster Einzelergebnisse geben Aufschluss \u00fcber die Funktionalit\u00e4t eines Teams. W\u00e4hrend dieser Analyse bleiben die individuellen Ergebnisse selbstverst\u00e4ndlich anonym und sind ausschliesslich dem Berater bekannt.<\/p>\n\n\n\n<p>Einzelne Teilnehmer k\u00f6nnen ihre Ergebnisse einsehen. Entscheidendes Resultat aus diesem Testverfahren ist aber der Gruppenreport, der eine starke Basis f\u00fcr <strong>Teamentwicklung-Workshops<\/strong> schafft und die Kommunikationswege innerhalb des Teams ausf\u00fchrlich behandelt.<\/p>\n\n\n\n<p>Eine erfolgreiche Beratung im Sinne der Organisationsentwicklung wird mit der Teamentwicklungmittels profilingvalues nicht nur unterst\u00fctzt, sondern direkt angesto\u00dfen. Auch schwierigste Teamsituationen sind mit dieser Basis konstruktiv l\u00f6sbar.<\/p>\n\n\n\n<p>M\u00f6chten sie eine ausf\u00fchrliche Information zum Teamreport bekommen? Klicken Sie bitte hier: <a href=\"https:\/\/www.geiger-evolution.ch\/diagnostik\/team-entwicklung\/team-od-gruppenreport\/\">Team- oder Gruppenreport<\/a><\/p>\n\n\n\n<p>Falls Sie an weiteren Informationen bez\u00fcglich Teamentwicklung interessiert sind, dann klicken Sie bitte <a href=\"http:\/\/geiger-evolution.ch\/?page_id=30\">hier<\/a>.<\/p>\n","protected":false},"excerpt":{"rendered":"<p>Probleme im Team sind mit profilingvalues l\u00f6sbar Im Rahmen von Teamentwicklung ist es m\u00f6glich einzelne Auswertungen zusammenzufassen und damit die Ist-Situation darzustellen, was f\u00fcr den Kunden sehr wertvoll ist und gro\u00dfe Wirkung zeigt. Die Ermittlung eines Durchschnittswertes und die Verteilung unterschiedlichster Einzelergebnisse geben Aufschluss \u00fcber die Funktionalit\u00e4t eines Teams. W\u00e4hrend dieser Analyse bleiben die individuellen [&hellip;]<\/p>\n","protected":false},"author":1,"featured_media":0,"parent":0,"menu_order":0,"comment_status":"closed","ping_status":"closed","template":"","meta":[],"_links":{"self":[{"href":"https:\/\/geiger-evolution.ch\/index.php\/wp-json\/wp\/v2\/pages\/91"}],"collection":[{"href":"https:\/\/geiger-evolution.ch\/index.php\/wp-json\/wp\/v2\/pages"}],"about":[{"href":"https:\/\/geiger-evolution.ch\/index.php\/wp-json\/wp\/v2\/types\/page"}],"author":[{"embeddable":true,"href":"https:\/\/geiger-evolution.ch\/index.php\/wp-json\/wp\/v2\/users\/1"}],"replies":[{"embeddable":true,"href":"https:\/\/geiger-evolution.ch\/index.php\/wp-json\/wp\/v2\/comments?post=91"}],"version-history":[{"count":3,"href":"https:\/\/geiger-evolution.ch\/index.php\/wp-json\/wp\/v2\/pages\/91\/revisions"}],"predecessor-version":[{"id":1463,"href":"https:\/\/geiger-evolution.ch\/index.php\/wp-json\/wp\/v2\/pages\/91\/revisions\/1463"}],"wp:attachment":[{"href":"https:\/\/geiger-evolution.ch\/index.php\/wp-json\/wp\/v2\/media?parent=91"}],"curies":[{"name":"wp","href":"https:\/\/api.w.org\/{rel}","templated":true}]}}