{"id":926,"date":"2017-09-29T10:12:52","date_gmt":"2017-09-29T10:12:52","guid":{"rendered":"http:\/\/geiger-evolution.ch\/?page_id=926"},"modified":"2021-03-06T14:40:18","modified_gmt":"2021-03-06T14:40:18","slug":"esprit-dequipe","status":"publish","type":"page","link":"https:\/\/geiger-evolution.ch\/index.php\/fr\/esprit-dequipe\/","title":{"rendered":"Esprit d&#8217;equipe"},"content":{"rendered":"\n<figure class=\"wp-block-image size-large\"><img loading=\"lazy\" width=\"800\" height=\"273\" src=\"http:\/\/geiger-evolution.ch\/wp-content\/uploads\/2017\/07\/2f9976cc27.jpg\" alt=\"\" class=\"wp-image-1773\" srcset=\"https:\/\/geiger-evolution.ch\/wp-content\/uploads\/2017\/07\/2f9976cc27.jpg 800w, https:\/\/geiger-evolution.ch\/wp-content\/uploads\/2017\/07\/2f9976cc27-300x102.jpg 300w\" sizes=\"(max-width: 800px) 100vw, 800px\" \/><\/figure>\n\n\n\n<h2 class=\"has-accent-color has-text-color\">UN POUR TOUS &#8211; TOUS POUR UN!<\/h2>\n\n\n\n<p>Votre \u00e9quipe n&#8217;exploite pas pleinement son potentiel&nbsp;?<br>La r\u00e9ussite de votre \u00e9quipe est compromise en raison d&#8217;un conflit ou d&#8217;un probl\u00e8me de communication&nbsp;?<br>Un projet cl\u00e9 est retard\u00e9 en raison d&#8217;un d\u00e9saccord dans l&#8217;\u00e9quipe&nbsp;?<br>Vous ne vous sentez pas respect\u00e9 et valoris\u00e9 au sein de votre \u00e9quipe&nbsp;?<br>Vous ne parvenez pas \u00e0 exploiter pleinement votre potentiel au sein de l&#8217;\u00e9quipe&nbsp;?<br>Vous ne savez pas pourquoi votre \u00e9quipe ne se comporte pas de mani\u00e8re positive\/constructive&nbsp;?<\/p>\n\n\n\n<p>R\u00e9veillez les ressources de votre \u00e9quipe&nbsp;! \u00c9tudions ensemble la composition et la dynamique de votre \u00e9quipe. La solution est plus proche que vous ne le pensez&nbsp;!<\/p>\n\n\n\n<p>D\u00e9veloppons ensemble des id\u00e9es stimulantes et cr\u00e9ons la dream team&nbsp;!<\/p>\n\n\n\n<p>Prenez <a title=\"CONTACT\/LIENS\" href=\"http:\/\/geiger-evolution.ch\/?page_id=866&amp;lang=fr&amp;preview=true\">contact<\/a>&nbsp;avec nous&nbsp;! <\/p>\n","protected":false},"excerpt":{"rendered":"<p>UN POUR TOUS &#8211; TOUS POUR UN! Votre \u00e9quipe n&#8217;exploite pas pleinement son potentiel&nbsp;?La r\u00e9ussite de votre \u00e9quipe est compromise en raison d&#8217;un conflit ou d&#8217;un probl\u00e8me de communication&nbsp;?Un projet cl\u00e9 est retard\u00e9 en raison d&#8217;un d\u00e9saccord dans l&#8217;\u00e9quipe&nbsp;?Vous ne vous sentez pas respect\u00e9 et valoris\u00e9 au sein de votre \u00e9quipe&nbsp;?Vous ne parvenez pas \u00e0 [&hellip;]<\/p>\n","protected":false},"author":1,"featured_media":0,"parent":0,"menu_order":0,"comment_status":"closed","ping_status":"closed","template":"","meta":[],"_links":{"self":[{"href":"https:\/\/geiger-evolution.ch\/index.php\/wp-json\/wp\/v2\/pages\/926"}],"collection":[{"href":"https:\/\/geiger-evolution.ch\/index.php\/wp-json\/wp\/v2\/pages"}],"about":[{"href":"https:\/\/geiger-evolution.ch\/index.php\/wp-json\/wp\/v2\/types\/page"}],"author":[{"embeddable":true,"href":"https:\/\/geiger-evolution.ch\/index.php\/wp-json\/wp\/v2\/users\/1"}],"replies":[{"embeddable":true,"href":"https:\/\/geiger-evolution.ch\/index.php\/wp-json\/wp\/v2\/comments?post=926"}],"version-history":[{"count":3,"href":"https:\/\/geiger-evolution.ch\/index.php\/wp-json\/wp\/v2\/pages\/926\/revisions"}],"predecessor-version":[{"id":1792,"href":"https:\/\/geiger-evolution.ch\/index.php\/wp-json\/wp\/v2\/pages\/926\/revisions\/1792"}],"wp:attachment":[{"href":"https:\/\/geiger-evolution.ch\/index.php\/wp-json\/wp\/v2\/media?parent=926"}],"curies":[{"name":"wp","href":"https:\/\/api.w.org\/{rel}","templated":true}]}}