{"id":93,"date":"2017-07-02T14:45:40","date_gmt":"2017-07-02T14:45:40","guid":{"rendered":"http:\/\/geiger-evolution.ch\/?page_id=93"},"modified":"2021-03-06T07:57:00","modified_gmt":"2021-03-06T07:57:00","slug":"team-oder-gruppenreport","status":"publish","type":"page","link":"https:\/\/geiger-evolution.ch\/index.php\/team-oder-gruppenreport\/","title":{"rendered":"Team- oder Gruppenreport"},"content":{"rendered":"\n<figure class=\"wp-block-image\"><img src=\"http:\/\/geiger-evolution.ch\/wp-content\/uploads\/2017\/07\/120c752a8a.jpg\" alt=\"120c752a8a\" class=\"wp-image-186\"\/><\/figure>\n\n\n\n<h3 class=\"has-accent-color has-text-color\">Neue Perspektiven mit profilingvalues Team-Report<\/h3>\n\n\n\n<p>Eine weitere Besonderheit von profilingvalues besteht darin, einzelne Auswertungen in einem zusammengefasten Team- oder Gruppenreport gemeinsam darzustellen.<\/p>\n\n\n\n<p>M\u00d6CHTEN SIE DAS KOMPLETTE BEISPIEL ANSEHEN?<br>KLICKEN SIE BITTE HIER:<\/p>\n\n\n\n<p><a href=\"http:\/\/geiger-evolution.ch\/wp-content\/uploads\/2017\/07\/profilingvalues-Bespielteam1.pdf\" target=\"_blank\" rel=\"noopener\">Teamreport<\/a><\/p>\n\n\n\n<h5>Nutzen<\/h5>\n\n\n\n<p>Der Teamreport profilingvalues stellt ein wertvoller Materialfundus f\u00fcr <strong>Team-Workshops<\/strong> dar. Selbst schwierige Teamsituationen k\u00f6nnen leicht und konstruktiv gel\u00f6st werden. <\/p>\n\n\n\n<p>Somit wird auch eine erfolgreiche Beratung im Sinne der <strong>Organisationsentwicklung<\/strong> unterst\u00fctzt und angestossen.<\/p>\n\n\n\n<p>In der Praxis wird er auch h\u00e4ufig in der <strong>Partner- oder Familienberatung<\/strong> eingesetzt.<\/p>\n\n\n\n<h5>Darstellung<\/h5>\n\n\n\n<p>Balken- und Rauten-Werte in den Boxen stellen stets die gemittelten Ergebnisse der Teilnehmer dar, also den Durchschnitt. Die Verteilung kann erkannt werden, wenn die dar\u00fcber gelegen Striche nach oben (Balken) und nach unten (Rauten) beachtet werden.<\/p>\n\n\n\n<p>Im Beispiel handelt es sich um 5 Teilnehmer, deren Einzelergebnisse der F\u00e4higkeit zur Empathie (Balken) in den vertikalen Strichen zum Ausdruck kommen. Die nach unten zeigenden Striche symbolisieren die Einzelresultate der Einf\u00fchlungsbereitschaft (Rauten).<\/p>\n\n\n\n<figure class=\"wp-block-image is-resized is-style-default\"><img loading=\"lazy\" src=\"http:\/\/geiger-evolution.ch\/wp-content\/uploads\/2017\/07\/Gruppenreport-300x170.png\" alt=\"\" class=\"wp-image-282\" width=\"300\" height=\"170\"\/><\/figure>\n\n\n\n<p>Eine nummerische Erf\u00fcllung des Standardprofils, hei\u00dft noch nicht, dass sich die einzelnen Menschen gut miteinander verstehen. Dadurch ist die Aussagekraft der Standardprofile beim Teamreport mit vielen Mitgliedern vorsichtig zu beurteilen.<\/p>\n\n\n\n<h5>M\u00d6CHTEN SIE DAS KOMPLETTE BEISPIEL ANSEHEN? KLICKEN SIE BITTE HIER:<\/h5>\n\n\n\n<p><a href=\"http:\/\/geiger-evolution.ch\/wp-content\/uploads\/2017\/07\/profilingvalues-Bespielteam1.pdf\" target=\"_blank\" rel=\"noopener\">Teamreport<\/a><\/p>\n\n\n\n<p>M\u00f6chten Sie in die Tiefen hineinspringen? Sind Sie an einer Zertifizierung oder einer Durchf\u00fchrung vom Profiling interessiert? Schreiben Sie uns bitte eine <a href=\"http:\/\/geiger-evolution.ch\/?page_id=30\">Nachricht<\/a>.<\/p>\n","protected":false},"excerpt":{"rendered":"<p>Neue Perspektiven mit profilingvalues Team-Report Eine weitere Besonderheit von profilingvalues besteht darin, einzelne Auswertungen in einem zusammengefasten Team- oder Gruppenreport gemeinsam darzustellen. M\u00d6CHTEN SIE DAS KOMPLETTE BEISPIEL ANSEHEN?KLICKEN SIE BITTE HIER: Teamreport Nutzen Der Teamreport profilingvalues stellt ein wertvoller Materialfundus f\u00fcr Team-Workshops dar. Selbst schwierige Teamsituationen k\u00f6nnen leicht und konstruktiv gel\u00f6st werden. Somit wird auch [&hellip;]<\/p>\n","protected":false},"author":1,"featured_media":0,"parent":0,"menu_order":0,"comment_status":"closed","ping_status":"closed","template":"","meta":[],"_links":{"self":[{"href":"https:\/\/geiger-evolution.ch\/index.php\/wp-json\/wp\/v2\/pages\/93"}],"collection":[{"href":"https:\/\/geiger-evolution.ch\/index.php\/wp-json\/wp\/v2\/pages"}],"about":[{"href":"https:\/\/geiger-evolution.ch\/index.php\/wp-json\/wp\/v2\/types\/page"}],"author":[{"embeddable":true,"href":"https:\/\/geiger-evolution.ch\/index.php\/wp-json\/wp\/v2\/users\/1"}],"replies":[{"embeddable":true,"href":"https:\/\/geiger-evolution.ch\/index.php\/wp-json\/wp\/v2\/comments?post=93"}],"version-history":[{"count":6,"href":"https:\/\/geiger-evolution.ch\/index.php\/wp-json\/wp\/v2\/pages\/93\/revisions"}],"predecessor-version":[{"id":1694,"href":"https:\/\/geiger-evolution.ch\/index.php\/wp-json\/wp\/v2\/pages\/93\/revisions\/1694"}],"wp:attachment":[{"href":"https:\/\/geiger-evolution.ch\/index.php\/wp-json\/wp\/v2\/media?parent=93"}],"curies":[{"name":"wp","href":"https:\/\/api.w.org\/{rel}","templated":true}]}}