{"id":97,"date":"2017-07-02T14:10:52","date_gmt":"2017-07-02T14:10:52","guid":{"rendered":"http:\/\/geiger-evolution.ch\/?page_id=97"},"modified":"2021-02-24T09:49:56","modified_gmt":"2021-02-24T09:49:56","slug":"coaching","status":"publish","type":"page","link":"https:\/\/geiger-evolution.ch\/index.php\/coaching\/","title":{"rendered":"Coaching"},"content":{"rendered":"\n<figure class=\"wp-block-image\"><img src=\"http:\/\/geiger-evolution.ch\/wp-content\/uploads\/2017\/07\/120c752a8a.jpg\" alt=\"120c752a8a\" class=\"wp-image-186\"\/><\/figure>\n\n\n\n<h3 class=\"has-accent-color has-text-color\">Coaching mit profilingvalues!<\/h3>\n\n\n\n<p>Viele Menschen arbeiten zu diesem Zweck mit speziellen Karriere-Coaches zusammen, um ihren eigenen, wirklich zu ihnen passenden Weg zu finden.<\/p>\n\n\n\n<p>Eine Reihe der von profilingvalues zertifizierten Coaches sind durch die typischen M\u00fchlen der Gro\u00dfkonzerne gegangen, haben aber die vermeintliche Sicherheit dieser Unternehmen aufgegeben und interessante, hochwertige und seri\u00f6se Karriereangebote auf die Beine gestellt. Diese Spezialisten gehen ausf\u00fchrlich auf die aktuell passenden Optionen am Arbeitsmarkt ein und gleichen diese mit den Ergebnissen der individuellen profilingvalues Analyse ab.<\/p>\n\n\n\n<p>Bei bestehenden inneren Konfliktsituationen, wie Trennungserlebnissen oder F\u00e4llen von Mobbing, kann ein Out &amp; New Placement der Beratung vorangehen. Durch diese Ber\u00fccksichtigung des aktuellen, pers\u00f6nlichen Umfeldes k\u00f6nnen solche Herausforderungen mit Hilfe eines Coachesgezielt aufgearbeitet werden. Das Ergebnis ist die Optimierung Ihres ganz pers\u00f6nlichen Entwicklungsweges im Hinblick auf individuelle Potenziale.<\/p>\n\n\n\n<p>Ein gro\u00dfer Teil der profilingvalues-zertifizierten Partner arbeitet als Coach. Sie wenden das Verfahren auch selbst an, um im Sinne von Robert S. Hartman die F\u00e4higkeit des eigenen Wertens gezielt auszubauen und zu verfeinern. Auf diese Weise st\u00e4rken die Coaches ihre Sinne und gleichzeitig ihre F\u00e4higkeiten in der pers\u00f6nlichen Beratung.<\/p>\n\n\n\n<p>Falls Sie an weiteren Informationen bez\u00fcglich Coaching oder an unserer Partnerschaft interessiert sind, dann klicken Sie bitte <a href=\"http:\/\/geiger-evolution.ch\/?page_id=30\">hier<\/a><\/p>\n","protected":false},"excerpt":{"rendered":"<p>Coaching mit profilingvalues! Viele Menschen arbeiten zu diesem Zweck mit speziellen Karriere-Coaches zusammen, um ihren eigenen, wirklich zu ihnen passenden Weg zu finden. Eine Reihe der von profilingvalues zertifizierten Coaches sind durch die typischen M\u00fchlen der Gro\u00dfkonzerne gegangen, haben aber die vermeintliche Sicherheit dieser Unternehmen aufgegeben und interessante, hochwertige und seri\u00f6se Karriereangebote auf die Beine [&hellip;]<\/p>\n","protected":false},"author":1,"featured_media":0,"parent":0,"menu_order":0,"comment_status":"closed","ping_status":"closed","template":"","meta":[],"_links":{"self":[{"href":"https:\/\/geiger-evolution.ch\/index.php\/wp-json\/wp\/v2\/pages\/97"}],"collection":[{"href":"https:\/\/geiger-evolution.ch\/index.php\/wp-json\/wp\/v2\/pages"}],"about":[{"href":"https:\/\/geiger-evolution.ch\/index.php\/wp-json\/wp\/v2\/types\/page"}],"author":[{"embeddable":true,"href":"https:\/\/geiger-evolution.ch\/index.php\/wp-json\/wp\/v2\/users\/1"}],"replies":[{"embeddable":true,"href":"https:\/\/geiger-evolution.ch\/index.php\/wp-json\/wp\/v2\/comments?post=97"}],"version-history":[{"count":4,"href":"https:\/\/geiger-evolution.ch\/index.php\/wp-json\/wp\/v2\/pages\/97\/revisions"}],"predecessor-version":[{"id":1472,"href":"https:\/\/geiger-evolution.ch\/index.php\/wp-json\/wp\/v2\/pages\/97\/revisions\/1472"}],"wp:attachment":[{"href":"https:\/\/geiger-evolution.ch\/index.php\/wp-json\/wp\/v2\/media?parent=97"}],"curies":[{"name":"wp","href":"https:\/\/api.w.org\/{rel}","templated":true}]}}