{"id":980,"date":"2017-09-29T10:00:55","date_gmt":"2017-09-29T10:00:55","guid":{"rendered":"http:\/\/geiger-evolution.ch\/?page_id=980"},"modified":"2021-02-24T22:31:57","modified_gmt":"2021-02-24T22:31:57","slug":"livresse-absolue-actualites","status":"publish","type":"page","link":"https:\/\/geiger-evolution.ch\/index.php\/fr\/livresse-absolue-actualites\/","title":{"rendered":"L&#8217;ivresse absolue &#8211; actualit\u00e9s"},"content":{"rendered":"\n<p><a title=\"Wein_Sinn_Web_2014 (3).pdf\" href=\"http:\/\/geiger-evolution.ch\/wp-content\/uploads\/2017\/07\/Wein_Sinn_Web_2014.pdf\" target=\"_top\" rel=\"noopener\">D\u00e9couvrez<\/a> ce qu\u2019une viticulture efficace peut apporter \u00e0 vos t\u00e2ches d\u2019encadrement\u2026<\/p>\n\n\n\n<p><strong>\u00ab&nbsp;Cultiver et soigner&nbsp;\u00bb<\/strong><\/p>\n\n\n\n<p>\u00ab&nbsp;Gourmands et autres curiosit\u00e9s viticoles&nbsp;\u00bb<\/p>\n\n\n\n<p>\u00ab&nbsp;Cycle de vie, cycle de la nature, ordre naturel des choses&nbsp;\u00bb<\/p>\n\n\n\n<p>Laissez-vous inspirer par une ambiance d\u00e9licieuse&#8230; Profitez de jeux de r\u00e9flexion et de discussions sur le th\u00e8me de l&#8217;encadrement&#8230; dans l&#8217;ambiance d\u00e9tendue d&#8217;un domaine viticole&#8230; tout en r\u00e9fl\u00e9chissant \u00e0 votre entreprise.<\/p>\n\n\n\n<p>Vivez l&#8217;envie, la frustration et les joies de l&#8217;entreprise ind\u00e9pendante, la viticulture, l&#8217;expansion et les averses de gr\u00eale&#8230; dans une discussion enrichissante, anim\u00e9e et mod\u00e9r\u00e9e par des viticulteurs chevronn\u00e9s ainsi que par Bruno Geiger et Sabine Grebien.<\/p>\n\n\n\n<p>Vous serez surpris de constater combien de concepts stimulants vous pourrez appliquer \u00e0 votre vie familiale, manag\u00e9riale ou associative.<\/p>\n\n\n\n<p>Nos partenaires pour les s\u00e9minaires d&#8217;entreprise&nbsp;:<\/p>\n\n\n\n<p><a title=\"http:\/\/www.weinbauottiger.ch\/\" href=\"http:\/\/www.weinbauottiger.ch\/\" target=\"_blank\" rel=\"noopener\">Weinbau Ottiger<\/a>, Kastanienbaum \/ Lucerne<br><a title=\"http:\/\/www.weingut-lenz.ch\/\" href=\"http:\/\/www.weingut-lenz.ch\/\" target=\"_blank\" rel=\"noopener\">Domaine viticole biologique Lenz<\/a>, Iselisberg, Uesslingen \/ Frauenfeld<br><a title=\"Wein_Sinn_Web_2014 (3).pdf\" href=\"http:\/\/geiger-evolution.ch\/wp-content\/uploads\/2017\/07\/Wein_Sinn_Web_2014.pdf\" target=\"_top\" rel=\"noopener\">Brochure g\u00e9n\u00e9rale<\/a>&nbsp;&#8211; pour trouver le domaine viticole de votre choix<\/p>\n\n\n\n<p><strong>Offres<\/strong><\/p>\n\n\n\n<p><a title=\"UN CAS POUR DEUX\" href=\"http:\/\/geiger-evolution.ch\/?page_id=866&amp;lang=fr&amp;preview=true\">Contactez-nous&nbsp;!<\/a> &#8211; Nous serons heureux d&#8217;organiser une journ\u00e9e ou une demi-journ\u00e9e passionnante adapt\u00e9e \u00e0 vos d\u00e9sirs&nbsp;!<\/p>\n\n\n\n<p>Animation et mod\u00e9ration&nbsp;:<\/p>\n\n\n\n<p><a title=\"UN CAS POUR DEUX\" href=\"http:\/\/geiger-evolution.ch\/?page_id=200\">Bruno Geiger et Sabine Grebien<\/a><\/p>\n","protected":false},"excerpt":{"rendered":"<p>\u00ab&nbsp;Cultiver et soigner&nbsp;\u00bb \u00ab&nbsp;Gourmands et autres curiosit\u00e9s viticoles&nbsp;\u00bb \u00ab&nbsp;Cycle de vie, cycle de la nature, ordre naturel des choses&nbsp;\u00bb Laissez-vous inspirer par une ambiance d\u00e9licieuse&#8230; Profitez de jeux de r\u00e9flexion et de discussions sur le th\u00e8me de l&#8217;encadrement&#8230; dans l&#8217;ambiance d\u00e9tendue d&#8217;un domaine viticole&#8230; tout en r\u00e9fl\u00e9chissant \u00e0 votre entreprise. Vivez l&#8217;envie, la frustration et [&hellip;]<\/p>\n","protected":false},"author":1,"featured_media":0,"parent":0,"menu_order":0,"comment_status":"closed","ping_status":"closed","template":"","meta":[],"_links":{"self":[{"href":"https:\/\/geiger-evolution.ch\/index.php\/wp-json\/wp\/v2\/pages\/980"}],"collection":[{"href":"https:\/\/geiger-evolution.ch\/index.php\/wp-json\/wp\/v2\/pages"}],"about":[{"href":"https:\/\/geiger-evolution.ch\/index.php\/wp-json\/wp\/v2\/types\/page"}],"author":[{"embeddable":true,"href":"https:\/\/geiger-evolution.ch\/index.php\/wp-json\/wp\/v2\/users\/1"}],"replies":[{"embeddable":true,"href":"https:\/\/geiger-evolution.ch\/index.php\/wp-json\/wp\/v2\/comments?post=980"}],"version-history":[{"count":2,"href":"https:\/\/geiger-evolution.ch\/index.php\/wp-json\/wp\/v2\/pages\/980\/revisions"}],"predecessor-version":[{"id":1599,"href":"https:\/\/geiger-evolution.ch\/index.php\/wp-json\/wp\/v2\/pages\/980\/revisions\/1599"}],"wp:attachment":[{"href":"https:\/\/geiger-evolution.ch\/index.php\/wp-json\/wp\/v2\/media?parent=980"}],"curies":[{"name":"wp","href":"https:\/\/api.w.org\/{rel}","templated":true}]}}